w = -29*o + 3413, 4*w + 13620 = 4*o. What is the units digit of o?
1
Let c(s) = 1100*s**3 - 2*s**2 + 5*s - 2. What is the units digit of c(1)?
1
Let m be (18/(-54))/(2/1098). Let k = -107 - m. What is the tens digit of k?
7
Suppose -k + 2*z + 3*z = 48, 3*z - 15 = 0. Let a be (k + 0)*(18 - 16). Let u = 94 + a. What is the tens digit of u?
4
Suppose 2*r + 2*r = 12. Let o = 113 + -34. Suppose -r*s + b = -o, -2*b - b + 15 = 0. What is the units digit of s?
8
Let r = -4 - -40. Let w be -7 - (-4 + 12)/2 - -1. Let n = w + r. What is the units digit of n?
6
Let y(z) = -z**3 - 4*z**2 + 4*z + 3. Let h = -29 - -19. Let k(w) = w + 4. Let g be k(h). What is the tens digit of y(g)?
5
Let x = 68 - 65. Suppose 4*v + 724 = -4*m + 8*m, 0 = -x*m - 3*v + 525. What is the tens digit of m?
7
Suppose -3*i + 71 = -286. Suppose 1559 = 4*f + i. What is the tens digit of ((-2)/(-6))/(6/f)?
2
Let j(g) be the third derivative of g**5/60 - g**4/6 + 97*g**3/6 + 10*g**2. What is the units digit of j(0)?
7
Suppose 89 = p - 13. What is the hundreds digit of p?
1
Suppose 15*i + 531 = -714. Let p = i - -278. What is the hundreds digit of p?
1
Let n = -65 - -81. Suppose 124 + n = 2*j. What is the units digit of j?
0
Suppose 415*v - 8301 = 412*v. What is the hundreds digit of v?
7
Suppose -5*p = 5*g - 800, -3*g = -4*p - 410 - 49. What is the units digit of g?
7
Suppose 6*w - 20 = w. Suppose 10*i - 18 = w*i. What is the units digit of 35 + (i/(-1) - 1)?
1
Let m be 1*(2 - (4 + -10)). Suppose m*y - 7*y = 84. What is the tens digit of y?
8
Let b(y) be the first derivative of -y**4/4 + 7*y**3/3 - 3*y**2/2 - 6*y - 15. What is the tens digit of b(6)?
1
Let r = 68 + -69. Suppose 4*v - s = 2*s - 2688, -5*v - 2*s - 3360 = 0. What is the tens digit of (r/2)/(7/v)?
4
Let d = -158 + 326. Suppose -d = -g - 2*g. What is the tens digit of g?
5
Let o(k) = -k**2 - 6*k - 2. Let m be o(9). Let u = m - -195. What is the tens digit of u?
5
Suppose -4*c = 3*w + 488, 0*c = -3*w + 4*c - 448. What is the tens digit of 14/21 + w/(-9)?
1
Suppose -3*k = -3*r - 168, 10 = k - 5*r - 46. What is the units digit of k?
6
What is the hundreds digit of 3216*(6/(-4) + 2)?
6
What is the tens digit of (1 - 3)*(-983 + (7 - 1))?
5
Suppose 0 = 2*y - 10 + 2, -5*i - 19 = -y. What is the units digit of (-542)/(-6) + 1/i?
0
Let n be (0/(-8))/(1/(-2)*2). Suppose z = 4*k + 189, n*z + z + 4*k = 213. What is the hundreds digit of z?
2
Suppose -2*h - 1 = -2*c + 27, -5*h + c - 50 = 0. What is the units digit of ((-3)/h)/((-3)/(-387))?
3
Suppose 5*i - 17 = 2*q, 6 = i + q + 4. Suppose -55 - 143 = -i*g. What is the tens digit of g?
6
Suppose 0 = -2*b + 49 + 53. Let s = b - 85. Let p = s + 100. What is the units digit of p?
6
Let a be (4/10)/((-13)/260). Let m be 2/a - 34/(-8). Suppose 2*c + 1 = n, -5*n = m*c - 5*c - 32. What is the units digit of n?
7
Let j(h) be the second derivative of h**5/20 - 11*h**4/12 + 11*h**3/6 + h**2/2 - 4*h. What is the tens digit of j(10)?
1
Suppose -3*q - 4*q + 21 = 0. Suppose 4*a + t = 675, -7*t = 2*a - q*t - 334. What is the hundreds digit of a?
1
Let x(i) = 10*i**2 + 16*i + 16. What is the units digit of x(-14)?
2
Let j be 72/27 - 2/(-6). Suppose -8*k + 17 = -j*k - f, f - 4 = -2*k. Suppose 201 = 5*l + 2*b, -4*l - 4*b = -k*l - 33. What is the tens digit of l?
4
Let u = 104 - -375. What is the hundreds digit of u?
4
Let o = 11 - 9. Suppose 7*m - o*m = 10. Let r(n) = 5*n**3 + n**2 - 2*n + 2. What is the units digit of r(m)?
2
Let o be 130/4*(-48)/20. Let t = -36 - o. Let k = t + -29. What is the tens digit of k?
1
Let o = -1853 + 3443. What is the units digit of o?
0
Let m(k) = 3*k**2 + 8*k + 10. Let g be m(-5). Suppose 0 = -0*a - 9*a + g. What is the units digit of a?
5
Let l(m) = 36*m**2 + 76*m + 224. What is the units digit of l(-3)?
0
Let a = -26 + 26. Suppose a = p - 8 - 92. What is the units digit of p?
0
Suppose u - 5*d - 602 = 0, -3*u + d + 0*d = -1736. What is the tens digit of u?
7
What is the hundreds digit of -1803*(45/(-6))/(-15)*-6?
4
Let u be (1/(-4))/(5/(-60)*3). Let i(a) = 56*a**3 + 2*a**2 - a - 1. What is the units digit of i(u)?
6
Let i be (6/(-4))/((-13)/(-52)). Let t be 1 + 0 + (-48)/i. Suppose 14*a - 250 = t*a. What is the units digit of a?
0
Let u(c) = 4*c**2 + 14*c + 66. What is the hundreds digit of u(-6)?
1
Suppose -1604 = -2*r - 4*f, 2637 = 4*r - 2*f - 531. What is the units digit of r?
4
What is the units digit of (-13345)/(-51) + (-20)/12?
0
What is the units digit of -220*-34*8/20?
2
Let g(a) = a - 10. Let h be g(13). Suppose -h*x + 61 = s, 3*x + 5 = s + 76. What is the units digit of x?
2
Let l = 98 - -99. What is the tens digit of l?
9
Let t(w) = -6*w - 10. Let v be ((-4)/6)/((-10)/(-15)). Let p be (v - -3)*(-2 - 1). What is the units digit of t(p)?
6
Suppose -5 = -i + 6. Suppose -150 = i*s - 13*s. What is the units digit of s?
5
Let f = 12 - 10. Suppose f*v - 28 + 6 = 0. Suppose 0 = m - 13 - v. What is the units digit of m?
4
Suppose -108 = 32*x - 300. What is the units digit of x?
6
Let g be (-492)/(-8)*(-12)/(-18). Suppose 6*a = -g + 449. Let b = a - 48. What is the tens digit of b?
2
Let b(y) = y - 14. Let s be b(16). Suppose 2*v - s*m = 132, -4*m = 2*v - 80 - 40. What is the units digit of v?
4
Let l be (-1)/(-3) + 33/9. Suppose -310 = -2*o - l*s, -156 = -o + 2*s - 5*s. What is the hundreds digit of o?
1
Suppose -1 = -x + 4. Suppose 0 = -3*a + x*a + 2*f - 28, -f + 47 = 4*a. Suppose g - a = 3. What is the units digit of g?
4
Let j = -235 - -890. What is the tens digit of j?
5
Let c(y) be the first derivative of 2*y**2 + 3 + 0 + 0. What is the tens digit of c(6)?
2
Suppose 4 = -2*p - 34. Let y = 13 + p. Let m = 2 - y. What is the units digit of m?
8
Suppose 9 = 5*t - 1. Suppose 0*w - 4*j - 136 = -t*w, 2*j - 212 = -3*w. What is the units digit of w?
0
Let p(r) = 3*r**2 - 90. What is the hundreds digit of p(-9)?
1
Let k be (3/2)/(2/(-4)). Let x = 54 + k. What is the tens digit of x?
5
Suppose -4874 - 6190 = 6*r. What is the units digit of 1/(-5) - r/20?
2
Let l be (1770/12)/(1/2). Let m = l - 187. What is the tens digit of m?
0
Suppose 5*s + 5*p - 90 = 0, -s + 2*p = s - 44. Suppose 3*v + s = -v. What is the tens digit of v/2*64/(-10)?
1
Suppose 0 = b + 4*x - 421, 3*x - 265 = -b + 153. What is the hundreds digit of b?
4
Let c = 31 + -26. Suppose -2*k - r = -c*k + 890, 1486 = 5*k - 3*r. What is the hundreds digit of k?
2
Let f be (-256)/(-14) - (-10)/(-35). Suppose 0 = 2*b - f - 30. Suppose j + j = b. What is the units digit of j?
2
Let t = -122 + 179. Let p = t - -6. What is the units digit of p?
3
Suppose 23 = w - 2*t, 0*t - 3*t = 5*w - 102. Let i = w - 16. Suppose i*b - 3*g = 73, 0*b + 4*g = 3*b - 35. What is the tens digit of b?
1
Let i(n) = 2*n**2 + 16*n - 5. Suppose -k + 3*l + l - 10 = 0, 5*k - 3*l = -67. What is the tens digit of i(k)?
6
Suppose 5*y - 5*o + 2*o = 3307, -665 = -y - 3*o. What is the hundreds digit of y?
6
Suppose r = 36 + 32. Suppose -4*q + 5*b = -91, 5*b + 52 + r = 5*q. What is the tens digit of q?
2
Suppose -3*g + 125 = -16. Let b = -17 + g. What is the tens digit of b?
3
Let m(l) = 3 - 8*l - 4 + l**2 - 1. Let b be m(7). Let v = -4 - b. What is the units digit of v?
5
What is the units digit of 3/((-9)/(-14106))*(-54)/(-108)?
1
Let v = -1058 + 1999. What is the hundreds digit of v?
9
Let a = 3 - -13. Suppose 4*q = 2*q - a. Let i(o) = -o**2 - 9*o + 1. What is the units digit of i(q)?
9
Let l(t) be the third derivative of -t**4/24 + 7*t**3/6 - t**2. Let g be l(5). Suppose 0*h = -h + g*u + 29, -3*h + 84 = -3*u. What is the units digit of h?
7
Suppose 5*r = -2*s + 8178, 8*r = 7*r - 2*s + 1634. What is the tens digit of r?
3
Let n = 53 + -22. Suppose 2*v - 22 = -4*y, n = v + 4*v - 2*y. Suppose -v + 1 = -h. What is the units digit of h?
6
What is the units digit of 73/(-1)*(21 + -24)?
9
Let a(b) = 2*b**3 - 3*b**2 - 12*b + 25. What is the hundreds digit of a(8)?
7
Let o(x) = -x + 24. Let a be o(0). What is the units digit of 4/a*3*138?
9
Suppose -9*v = -2461 - 2624. What is the hundreds digit of v?
5
Suppose -v = -2*s - 77, -5*s - 53 = 2*v + 144. Let k be s*(-7 - (-1 - 3)). Suppose -5*g = -k - 73. What is the units digit of g?
8
Let g(f) = 8*f**2 - 13*f + 20. What is the units digit of g(7)?
1
Suppose -5*a - 7 = j + 6, 3*j - 2*a - 12 = 0. Let u(c) = c**3